{"id":14,"date":"2022-09-02T18:30:32","date_gmt":"2022-09-02T16:30:32","guid":{"rendered":"http:\/\/jonzac-hautesaintonge-accueil.com\/?page_id=14"},"modified":"2026-03-21T09:33:45","modified_gmt":"2026-03-21T08:33:45","slug":"aquagym","status":"publish","type":"page","link":"https:\/\/jonzac-hautesaintonge-accueil.com\/index.php\/aquagym\/","title":{"rendered":"Aquagym"},"content":{"rendered":"<div class=\"wp-block-image is-resized\">\n<figure class=\"aligncenter size-full\"><img loading=\"lazy\" decoding=\"async\" width=\"819\" height=\"905\" src=\"http:\/\/jonzac-hautesaintonge-accueil.com\/wp-content\/uploads\/2022\/09\/aquagym2bis.jpg\" alt=\"\" class=\"wp-image-464\" srcset=\"https:\/\/jonzac-hautesaintonge-accueil.com\/wp-content\/uploads\/2022\/09\/aquagym2bis.jpg 819w, https:\/\/jonzac-hautesaintonge-accueil.com\/wp-content\/uploads\/2022\/09\/aquagym2bis-271x300.jpg 271w, https:\/\/jonzac-hautesaintonge-accueil.com\/wp-content\/uploads\/2022\/09\/aquagym2bis-768x849.jpg 768w\" sizes=\"auto, (max-width: 767px) 89vw, (max-width: 1000px) 54vw, (max-width: 1071px) 543px, 580px\" \/><\/figure>\n<\/div>\n\n\n<p>Les lundis, mercredis et vendredis de 10h \u00e0 10h45 ( Le ticket est actuellement 9,50 \u20ac )<\/p>\n\n\n\n<p>Ce tarif donne acc\u00e8s aux cours encadr\u00e9s et \u00e0 l&rsquo;espace remise en forme pour la dur\u00e9e d&rsquo;ouverture (de 10h \u00e0 14h ) avec la possibilit\u00e9 de profiter de l&rsquo;Espace Forme : passerelle de sport, sauna parc, jets massant&#8230; <br><br><a href=\"https:\/\/www.lesantillesdejonzac.com\/\" target=\"_blank\" rel=\"noreferrer noopener\">Pour en savoir plus<\/a><\/p>\n\n\n\n<p><strong>PLANNING PREVISIONNEL des Cours  seniors 2026<\/strong><\/p>\n\n\n\n<figure class=\"wp-block-image size-large\"><img loading=\"lazy\" decoding=\"async\" width=\"1024\" height=\"513\" src=\"http:\/\/jonzac-hautesaintonge-accueil.com\/wp-content\/uploads\/2025\/12\/COURS2026-1024x513.jpg\" alt=\"\" class=\"wp-image-4453\" srcset=\"https:\/\/jonzac-hautesaintonge-accueil.com\/wp-content\/uploads\/2025\/12\/COURS2026-1024x513.jpg 1024w, https:\/\/jonzac-hautesaintonge-accueil.com\/wp-content\/uploads\/2025\/12\/COURS2026-300x150.jpg 300w, https:\/\/jonzac-hautesaintonge-accueil.com\/wp-content\/uploads\/2025\/12\/COURS2026-768x385.jpg 768w, https:\/\/jonzac-hautesaintonge-accueil.com\/wp-content\/uploads\/2025\/12\/COURS2026-1536x770.jpg 1536w, https:\/\/jonzac-hautesaintonge-accueil.com\/wp-content\/uploads\/2025\/12\/COURS2026.jpg 1789w\" sizes=\"auto, (max-width: 767px) 89vw, (max-width: 1000px) 54vw, (max-width: 1071px) 543px, 580px\" \/><\/figure>\n","protected":false},"excerpt":{"rendered":"<p>Les lundis, mercredis et vendredis de 10h \u00e0 10h45 ( Le ticket est actuellement 9,50 \u20ac ) Ce tarif donne acc\u00e8s aux cours encadr\u00e9s et \u00e0 l&rsquo;espace remise en forme pour la dur\u00e9e d&rsquo;ouverture (de 10h \u00e0 14h ) avec la possibilit\u00e9 de profiter de l&rsquo;Espace Forme : passerelle de sport, sauna parc, jets massant&#8230; &hellip; <\/p>\n<p class=\"link-more\"><a href=\"https:\/\/jonzac-hautesaintonge-accueil.com\/index.php\/aquagym\/\" class=\"more-link\">Continuer la lecture<span class=\"screen-reader-text\"> de &laquo;&nbsp;Aquagym&nbsp;&raquo;<\/span><\/a><\/p>\n","protected":false},"author":1,"featured_media":0,"parent":0,"menu_order":0,"comment_status":"closed","ping_status":"closed","template":"","meta":{"footnotes":""},"class_list":["post-14","page","type-page","status-publish","hentry"],"yoast_head":"<!-- This site is optimized with the Yoast SEO plugin v27.1.1 - https:\/\/yoast.com\/product\/yoast-seo-wordpress\/ -->\n<title>Aquagym - Jonzac Haute~Saintonge Accueil<\/title>\n<meta name=\"description\" content=\"Jonzac Haute-Saintonge Accueil permet un acc\u00e8s \u00e0 l&#039;aquagym \u00e0 un tarif pr\u00e9f\u00e9rentiel\" \/>\n<meta name=\"robots\" content=\"index, follow, max-snippet:-1, max-image-preview:large, max-video-preview:-1\" \/>\n<link rel=\"canonical\" href=\"https:\/\/jonzac-hautesaintonge-accueil.com\/index.php\/aquagym\/\" \/>\n<meta property=\"og:locale\" content=\"fr_FR\" \/>\n<meta property=\"og:type\" content=\"article\" \/>\n<meta property=\"og:title\" content=\"Jonzac Haute-Saintonge Accueil\" \/>\n<meta property=\"og:description\" content=\"Jonzac Haute-Saintonge Accueil permet un acc\u00e8s \u00e0 l&#039;aquagym \u00e0 un tarif pr\u00e9f\u00e9rentiel\" \/>\n<meta property=\"og:url\" content=\"https:\/\/jonzac-hautesaintonge-accueil.com\/index.php\/aquagym\/\" \/>\n<meta property=\"og:site_name\" content=\"Jonzac Haute~Saintonge Accueil\" \/>\n<meta property=\"article:modified_time\" content=\"2026-03-21T08:33:45+00:00\" \/>\n<meta property=\"og:image\" content=\"http:\/\/jonzac-hautesaintonge-accueil.com\/wp-content\/uploads\/2022\/10\/office-de-tourisme-de-jonzac-logo-160518794262-1.png\" \/>\n\t<meta property=\"og:image:width\" content=\"200\" \/>\n\t<meta property=\"og:image:height\" content=\"204\" \/>\n\t<meta property=\"og:image:type\" content=\"image\/png\" \/>\n<meta name=\"twitter:card\" content=\"summary_large_image\" \/>\n<meta name=\"twitter:title\" content=\"Jonzac Haute-Saintonge Accueil\" \/>\n<meta name=\"twitter:description\" content=\"Jonzac Haute-Saintonge permet un acc\u00e8s \u00e0 l&#039;aquagym \u00e0 un tarif pr\u00e9f\u00e9rentiel\" \/>\n<meta name=\"twitter:label1\" content=\"Dur\u00e9e de lecture estim\u00e9e\" \/>\n\t<meta name=\"twitter:data1\" content=\"1 minute\" \/>\n<script type=\"application\/ld+json\" class=\"yoast-schema-graph\">{\"@context\":\"https:\/\/schema.org\",\"@graph\":[{\"@type\":\"WebPage\",\"@id\":\"https:\/\/jonzac-hautesaintonge-accueil.com\/index.php\/aquagym\/\",\"url\":\"https:\/\/jonzac-hautesaintonge-accueil.com\/index.php\/aquagym\/\",\"name\":\"Aquagym - Jonzac Haute~Saintonge Accueil\",\"isPartOf\":{\"@id\":\"https:\/\/jonzac-hautesaintonge-accueil.com\/#website\"},\"primaryImageOfPage\":{\"@id\":\"https:\/\/jonzac-hautesaintonge-accueil.com\/index.php\/aquagym\/#primaryimage\"},\"image\":{\"@id\":\"https:\/\/jonzac-hautesaintonge-accueil.com\/index.php\/aquagym\/#primaryimage\"},\"thumbnailUrl\":\"http:\/\/jonzac-hautesaintonge-accueil.com\/wp-content\/uploads\/2022\/09\/aquagym2bis.jpg\",\"datePublished\":\"2022-09-02T16:30:32+00:00\",\"dateModified\":\"2026-03-21T08:33:45+00:00\",\"description\":\"Jonzac Haute-Saintonge Accueil permet un acc\u00e8s \u00e0 l'aquagym \u00e0 un tarif pr\u00e9f\u00e9rentiel\",\"breadcrumb\":{\"@id\":\"https:\/\/jonzac-hautesaintonge-accueil.com\/index.php\/aquagym\/#breadcrumb\"},\"inLanguage\":\"fr-FR\",\"potentialAction\":[{\"@type\":\"ReadAction\",\"target\":[\"https:\/\/jonzac-hautesaintonge-accueil.com\/index.php\/aquagym\/\"]}]},{\"@type\":\"ImageObject\",\"inLanguage\":\"fr-FR\",\"@id\":\"https:\/\/jonzac-hautesaintonge-accueil.com\/index.php\/aquagym\/#primaryimage\",\"url\":\"https:\/\/jonzac-hautesaintonge-accueil.com\/wp-content\/uploads\/2022\/09\/aquagym2bis.jpg\",\"contentUrl\":\"https:\/\/jonzac-hautesaintonge-accueil.com\/wp-content\/uploads\/2022\/09\/aquagym2bis.jpg\",\"width\":819,\"height\":905},{\"@type\":\"BreadcrumbList\",\"@id\":\"https:\/\/jonzac-hautesaintonge-accueil.com\/index.php\/aquagym\/#breadcrumb\",\"itemListElement\":[{\"@type\":\"ListItem\",\"position\":1,\"name\":\"Accueil\",\"item\":\"https:\/\/jonzac-hautesaintonge-accueil.com\/\"},{\"@type\":\"ListItem\",\"position\":2,\"name\":\"Aquagym\"}]},{\"@type\":\"WebSite\",\"@id\":\"https:\/\/jonzac-hautesaintonge-accueil.com\/#website\",\"url\":\"https:\/\/jonzac-hautesaintonge-accueil.com\/\",\"name\":\"Jonzac Haute~Saintonge Accueil\",\"description\":\"\",\"publisher\":{\"@id\":\"https:\/\/jonzac-hautesaintonge-accueil.com\/#organization\"},\"potentialAction\":[{\"@type\":\"SearchAction\",\"target\":{\"@type\":\"EntryPoint\",\"urlTemplate\":\"https:\/\/jonzac-hautesaintonge-accueil.com\/?s={search_term_string}\"},\"query-input\":{\"@type\":\"PropertyValueSpecification\",\"valueRequired\":true,\"valueName\":\"search_term_string\"}}],\"inLanguage\":\"fr-FR\"},{\"@type\":\"Organization\",\"@id\":\"https:\/\/jonzac-hautesaintonge-accueil.com\/#organization\",\"name\":\"Jonzac Haute~Saintonge Accueil\",\"url\":\"https:\/\/jonzac-hautesaintonge-accueil.com\/\",\"logo\":{\"@type\":\"ImageObject\",\"inLanguage\":\"fr-FR\",\"@id\":\"https:\/\/jonzac-hautesaintonge-accueil.com\/#\/schema\/logo\/image\/\",\"url\":\"http:\/\/jonzac-hautesaintonge-accueil.com\/wp-content\/uploads\/2022\/10\/office-de-tourisme-de-jonzac-logo-160518794262-1.png\",\"contentUrl\":\"http:\/\/jonzac-hautesaintonge-accueil.com\/wp-content\/uploads\/2022\/10\/office-de-tourisme-de-jonzac-logo-160518794262-1.png\",\"width\":200,\"height\":204,\"caption\":\"Jonzac Haute~Saintonge Accueil\"},\"image\":{\"@id\":\"https:\/\/jonzac-hautesaintonge-accueil.com\/#\/schema\/logo\/image\/\"}}]}<\/script>\n<!-- \/ Yoast SEO plugin. -->","yoast_head_json":{"title":"Aquagym - Jonzac Haute~Saintonge Accueil","description":"Jonzac Haute-Saintonge Accueil permet un acc\u00e8s \u00e0 l'aquagym \u00e0 un tarif pr\u00e9f\u00e9rentiel","robots":{"index":"index","follow":"follow","max-snippet":"max-snippet:-1","max-image-preview":"max-image-preview:large","max-video-preview":"max-video-preview:-1"},"canonical":"https:\/\/jonzac-hautesaintonge-accueil.com\/index.php\/aquagym\/","og_locale":"fr_FR","og_type":"article","og_title":"Jonzac Haute-Saintonge Accueil","og_description":"Jonzac Haute-Saintonge Accueil permet un acc\u00e8s \u00e0 l'aquagym \u00e0 un tarif pr\u00e9f\u00e9rentiel","og_url":"https:\/\/jonzac-hautesaintonge-accueil.com\/index.php\/aquagym\/","og_site_name":"Jonzac Haute~Saintonge Accueil","article_modified_time":"2026-03-21T08:33:45+00:00","og_image":[{"width":200,"height":204,"url":"http:\/\/jonzac-hautesaintonge-accueil.com\/wp-content\/uploads\/2022\/10\/office-de-tourisme-de-jonzac-logo-160518794262-1.png","type":"image\/png"}],"twitter_card":"summary_large_image","twitter_title":"Jonzac Haute-Saintonge Accueil","twitter_description":"Jonzac Haute-Saintonge permet un acc\u00e8s \u00e0 l'aquagym \u00e0 un tarif pr\u00e9f\u00e9rentiel","twitter_misc":{"Dur\u00e9e de lecture estim\u00e9e":"1 minute"},"schema":{"@context":"https:\/\/schema.org","@graph":[{"@type":"WebPage","@id":"https:\/\/jonzac-hautesaintonge-accueil.com\/index.php\/aquagym\/","url":"https:\/\/jonzac-hautesaintonge-accueil.com\/index.php\/aquagym\/","name":"Aquagym - Jonzac Haute~Saintonge Accueil","isPartOf":{"@id":"https:\/\/jonzac-hautesaintonge-accueil.com\/#website"},"primaryImageOfPage":{"@id":"https:\/\/jonzac-hautesaintonge-accueil.com\/index.php\/aquagym\/#primaryimage"},"image":{"@id":"https:\/\/jonzac-hautesaintonge-accueil.com\/index.php\/aquagym\/#primaryimage"},"thumbnailUrl":"http:\/\/jonzac-hautesaintonge-accueil.com\/wp-content\/uploads\/2022\/09\/aquagym2bis.jpg","datePublished":"2022-09-02T16:30:32+00:00","dateModified":"2026-03-21T08:33:45+00:00","description":"Jonzac Haute-Saintonge Accueil permet un acc\u00e8s \u00e0 l'aquagym \u00e0 un tarif pr\u00e9f\u00e9rentiel","breadcrumb":{"@id":"https:\/\/jonzac-hautesaintonge-accueil.com\/index.php\/aquagym\/#breadcrumb"},"inLanguage":"fr-FR","potentialAction":[{"@type":"ReadAction","target":["https:\/\/jonzac-hautesaintonge-accueil.com\/index.php\/aquagym\/"]}]},{"@type":"ImageObject","inLanguage":"fr-FR","@id":"https:\/\/jonzac-hautesaintonge-accueil.com\/index.php\/aquagym\/#primaryimage","url":"https:\/\/jonzac-hautesaintonge-accueil.com\/wp-content\/uploads\/2022\/09\/aquagym2bis.jpg","contentUrl":"https:\/\/jonzac-hautesaintonge-accueil.com\/wp-content\/uploads\/2022\/09\/aquagym2bis.jpg","width":819,"height":905},{"@type":"BreadcrumbList","@id":"https:\/\/jonzac-hautesaintonge-accueil.com\/index.php\/aquagym\/#breadcrumb","itemListElement":[{"@type":"ListItem","position":1,"name":"Accueil","item":"https:\/\/jonzac-hautesaintonge-accueil.com\/"},{"@type":"ListItem","position":2,"name":"Aquagym"}]},{"@type":"WebSite","@id":"https:\/\/jonzac-hautesaintonge-accueil.com\/#website","url":"https:\/\/jonzac-hautesaintonge-accueil.com\/","name":"Jonzac Haute~Saintonge Accueil","description":"","publisher":{"@id":"https:\/\/jonzac-hautesaintonge-accueil.com\/#organization"},"potentialAction":[{"@type":"SearchAction","target":{"@type":"EntryPoint","urlTemplate":"https:\/\/jonzac-hautesaintonge-accueil.com\/?s={search_term_string}"},"query-input":{"@type":"PropertyValueSpecification","valueRequired":true,"valueName":"search_term_string"}}],"inLanguage":"fr-FR"},{"@type":"Organization","@id":"https:\/\/jonzac-hautesaintonge-accueil.com\/#organization","name":"Jonzac Haute~Saintonge Accueil","url":"https:\/\/jonzac-hautesaintonge-accueil.com\/","logo":{"@type":"ImageObject","inLanguage":"fr-FR","@id":"https:\/\/jonzac-hautesaintonge-accueil.com\/#\/schema\/logo\/image\/","url":"http:\/\/jonzac-hautesaintonge-accueil.com\/wp-content\/uploads\/2022\/10\/office-de-tourisme-de-jonzac-logo-160518794262-1.png","contentUrl":"http:\/\/jonzac-hautesaintonge-accueil.com\/wp-content\/uploads\/2022\/10\/office-de-tourisme-de-jonzac-logo-160518794262-1.png","width":200,"height":204,"caption":"Jonzac Haute~Saintonge Accueil"},"image":{"@id":"https:\/\/jonzac-hautesaintonge-accueil.com\/#\/schema\/logo\/image\/"}}]}},"_links":{"self":[{"href":"https:\/\/jonzac-hautesaintonge-accueil.com\/index.php\/wp-json\/wp\/v2\/pages\/14","targetHints":{"allow":["GET"]}}],"collection":[{"href":"https:\/\/jonzac-hautesaintonge-accueil.com\/index.php\/wp-json\/wp\/v2\/pages"}],"about":[{"href":"https:\/\/jonzac-hautesaintonge-accueil.com\/index.php\/wp-json\/wp\/v2\/types\/page"}],"author":[{"embeddable":true,"href":"https:\/\/jonzac-hautesaintonge-accueil.com\/index.php\/wp-json\/wp\/v2\/users\/1"}],"replies":[{"embeddable":true,"href":"https:\/\/jonzac-hautesaintonge-accueil.com\/index.php\/wp-json\/wp\/v2\/comments?post=14"}],"version-history":[{"count":37,"href":"https:\/\/jonzac-hautesaintonge-accueil.com\/index.php\/wp-json\/wp\/v2\/pages\/14\/revisions"}],"predecessor-version":[{"id":4679,"href":"https:\/\/jonzac-hautesaintonge-accueil.com\/index.php\/wp-json\/wp\/v2\/pages\/14\/revisions\/4679"}],"wp:attachment":[{"href":"https:\/\/jonzac-hautesaintonge-accueil.com\/index.php\/wp-json\/wp\/v2\/media?parent=14"}],"curies":[{"name":"wp","href":"https:\/\/api.w.org\/{rel}","templated":true}]}}